mmon divisor of 2451176 and 8?
8
Calculate the greatest common divisor of 26125 and 1463.
209
Calculate the greatest common divisor of 128 and 1502.
2
Calculate the highest common factor of 1261 and 1833.
13
Calculate the highest common divisor of 918 and 850.
34
What is the highest common divisor of 513570 and 2120?
530
What is the highest common factor of 102991 and 3?
1
What is the greatest common factor of 28375 and 500?
125
Calculate the highest common factor of 13082 and 589.
31
What is the highest common factor of 3 and 440067?
3
What is the greatest common factor of 39 and 14181141?
39
Calculate the highest common factor of 1 and 22307.
1
What is the highest common factor of 57066 and 10?
2
Calculate the greatest common factor of 2162 and 731837.
1081
Calculate the highest common divisor of 216896 and 448.
64
Calculate the highest common divisor of 28 and 158116.
28
What is the greatest common factor of 28 and 26524?
4
Calculate the highest common divisor of 15778 and 1.
1
What is the greatest common factor of 44 and 509982?
22
Calculate the greatest common factor of 6025995 and 1215.
405
Calculate the greatest common divisor of 5550 and 1.
1
Calculate the greatest common divisor of 175823 and 193.
193
What is the greatest common divisor of 19363 and 1608?
67
Calculate the greatest common divisor of 1101 and 39.
3
Calculate the highest common divisor of 216 and 25218.
54
Calculate the greatest common factor of 105 and 5691.
21
What is the greatest common factor of 648 and 3624?
24
Calculate the highest common factor of 40 and 236690.
10
What is the highest common divisor of 5215 and 560?
35
Calculate the greatest common factor of 2007 and 19624.
223
Calculate the highest common factor of 685856 and 160.
32
What is the highest common divisor of 39928 and 253?
23
Calculate the greatest common divisor of 34812 and 198.
18
What is the highest common divisor of 34 and 58599?
17
Calculate the highest common factor of 295509 and 274.
137
What is the greatest common divisor of 9408 and 36?
12
What is the highest common factor of 576 and 2178?
18
What is the highest common divisor of 141 and 78161?
47
Calculate the greatest common divisor of 10714 and 54544.
974
Calculate the greatest common factor of 520 and 244010.
130
Calculate the greatest common divisor of 12320 and 1276.
44
What is the greatest common divisor of 1182 and 56766?
6
What is the highest common factor of 86 and 92665?
43
What is the greatest common divisor of 2442 and 1406?
74
Calculate the highest common factor of 32298 and 210.
42
Calculate the highest common divisor of 18906 and 13938.
138
Calculate the highest common factor of 89694 and 4158.
594
Calculate the greatest common divisor of 7 and 802319.
7
What is the highest common divisor of 1628 and 751729?
407
Calculate the highest common factor of 4070 and 330.
110
Calculate the highest common factor of 185 and 9953.
37
What is the highest common divisor of 102372 and 456?
228
Calculate the greatest common divisor of 20 and 692730.
10
What is the highest common divisor of 2349 and 13833?
261
What is the highest common divisor of 135 and 13527?
27
Calculate the highest common factor of 924 and 7128.
132
Calculate the greatest common divisor of 68 and 114206.
34
Calculate the greatest common divisor of 8 and 65312.
8
What is the highest common divisor of 8270 and 3470?
10
Calculate the highest common factor of 147 and 226905.
21
What is the highest common divisor of 11076 and 11280?
12
What is the highest common factor of 2108698 and 166?
166
Calculate the greatest common factor of 21098 and 7.
7
Calculate the greatest common factor of 9975936 and 12.
12
What is the greatest common factor of 221 and 55760?
17
Calculate the highest common factor of 3042 and 330226.
338
Calculate the highest common factor of 122830 and 5.
5
What is the highest common divisor of 54420 and 300?
60
What is the greatest common divisor of 286 and 41834?
26
What is the greatest common divisor of 21072224 and 32?
32
What is the highest common factor of 574832 and 2?
2
Calculate the highest common factor of 237195 and 180.
45
Calculate the highest common divisor of 364 and 2716.
28
Calculate the greatest common factor of 2 and 981934.
2
Calculate the greatest common divisor of 6260 and 220.
20
Calculate the highest common divisor of 574 and 10822.
14
What is the greatest common factor of 336 and 588?
84
What is the greatest common factor of 46459 and 7?
7
What is the highest common factor of 1732 and 15262384?
1732
Calculate the greatest common divisor of 1638 and 401037.
273
What is the highest common factor of 6 and 154758?
6
What is the highest common divisor of 30 and 66390?
30
What is the greatest common divisor of 9891 and 34776?
63
Calculate the highest common factor of 1502 and 238067.
751
What is the highest common divisor of 35310 and 1980?
330
Calculate the greatest common divisor of 88 and 517.
11
Calculate the highest common divisor of 724032 and 162.
54
What is the highest common divisor of 897 and 12324?
39
Calculate the greatest common divisor of 236457 and 1404.
117
Calculate the greatest common factor of 123 and 34563.
123
Calculate the highest common factor of 14279 and 109.
109
Calculate the greatest common factor of 320 and 5430.
10
Calculate the greatest common factor of 16461 and 43245.
279
Calculate the greatest common factor of 3362 and 9.
1
Calculate the greatest common factor of 10058 and 62488.
214
Calculate the highest common divisor of 14 and 85589.
7
Calculate the highest common factor of 1529 and 319.
11
Calculate the highest common factor of 10218 and 4.
2
What is the greatest common divisor of 880308 and 5720?
572
What is the greatest common factor of 32886 and 54?
54
Calculate the greatest common divisor of 4307985 and 90.
45
What is the highest common divisor of 7242 and 14654?
34
Calculate the greatest common factor of 24 and 302664.
24
What is the greatest common factor of 28 and 6864844?
28
What is the highest common factor of 515 and 4223?
103
What is the highest common divisor of 77 and 40124?
7
What is the highest common divisor of 60494 and 12992?
406
What is the highest common factor of 8372 and 5083?
299
What is the highest common divisor of 99 and 241362?
99
Calculate the greatest common factor of 11196 and 48.
12
What is the highest common factor of 26 and 1072?
2
What is the greatest common factor of 38739 and 6882?
111
What is the greatest common divisor of 123 and 419799?
123
Calculate the greatest common factor of 18 and 88662.
6
What is the greatest common divisor of 15104 and 6372?
236
What is the greatest common factor of 224155 and 40?
5
Calculate the greatest common divisor of 64 and 33616.
16
Calculate the highest common divisor of 1888 and 5376.
32
Calculate the greatest common divisor of 935 and 2587145.
935
What is the highest common divisor of 3939 and 11211?
303
What is the greatest common factor of 160 and 45360?
80
Calculate the greatest common factor of 165 and 8283.
33
Calculate the greatest common factor of 1144 and 5456.
88
Calculate the highest common divisor of 30657 and 44.
11
What is the greatest common divisor of 188 and 3524530?
94
What is the greatest common factor of 372122 and 86?
86
Calculate the greatest common divisor of 284 and 65036.
284
Calculate the greatest common factor of 944768 and 66.
22
What is the highest common divisor of 1005 and 402?
201
What is the greatest common factor of 722 and 216239?
361
Calculate the greatest common factor of 308 and 9748046.
154
Calculate the greatest common divisor of 6925 and 1475.
25
Calculate the highest common factor of 970568 and 32.
8
What is the highest common factor of 364 and 6955?
13
Calculate the highest common factor of 2318 and 214168.
38
What is the greatest common divisor of 1440 and 2336?
32
Calculate the greatest common divisor of 44147 and 1834.
131
What is the greatest common factor of 33 and 15213?
33
What is the greatest common divisor of 104045 and 40?
5
Calculate the greatest common divisor of 24 and 2058672.
24
Calculate the greatest common divisor of 14309 and 15007.
349
Calculate the greatest common divisor of 3573418 and 4744.
1186
Calculate the greatest common divisor of 8920 and 240.
40
Calculate t